ime factors of 1594811162.
2, 7, 607, 187669
What are the prime factors of 3484143524?
2, 71, 463, 26497
List the prime factors of 19929917.
7, 19, 21407
List the prime factors of 703615391.
19, 41, 73, 12373
List the prime factors of 37557054.
2, 3, 449, 1549
List the prime factors of 34068723.
3, 13, 683, 1279
List the prime factors of 110601928.
2, 41, 337201
List the prime factors of 1281144309.
3, 12109, 35267
What are the prime factors of 2950193255?
5, 590038651
What are the prime factors of 972458?
2, 19, 157, 163
List the prime factors of 3134596295.
5, 626919259
List the prime factors of 2759108014.
2, 13, 23, 4613893
List the prime factors of 672355104.
2, 3, 919, 7621
List the prime factors of 135172826.
2, 67586413
List the prime factors of 5327724.
2, 3, 113, 3929
List the prime factors of 59089667.
7, 13, 199, 251
List the prime factors of 2273597284.
2, 7, 81199903
List the prime factors of 1406160855.
3, 5, 11, 509, 5581
What are the prime factors of 402730521?
3, 241, 557027
List the prime factors of 1981633448.
2, 23, 331, 32537
List the prime factors of 139491792.
2, 3, 11, 83, 1061
List the prime factors of 234632521.
17, 31, 431, 1033
List the prime factors of 59330209.
127, 463, 1009
What are the prime factors of 65226331?
17, 3836843
List the prime factors of 54173461.
31, 1747531
What are the prime factors of 2766227406?
2, 3, 191, 863, 2797
List the prime factors of 75421537.
17, 79, 89, 631
What are the prime factors of 192900993?
3, 64300331
List the prime factors of 1604687945.
5, 7, 45848227
List the prime factors of 4632572186.
2, 11, 23, 151, 60631
What are the prime factors of 1127219824?
2, 70451239
What are the prime factors of 366399400?
2, 5, 1237, 1481
List the prime factors of 51510405.
3, 5, 839, 4093
List the prime factors of 57543646.
2, 677, 42499
List the prime factors of 218309178.
2, 3, 36384863
List the prime factors of 613952720.
2, 5, 421, 18229
List the prime factors of 325167136.
2, 7, 207377
What are the prime factors of 161260083?
3, 131, 136777
What are the prime factors of 542349031?
7, 77478433
What are the prime factors of 17302960?
2, 5, 31, 6977
List the prime factors of 499034088.
2, 3, 7, 19, 29, 599
List the prime factors of 254790616.
2, 31848827
What are the prime factors of 247590694?
2, 13, 2153, 4423
What are the prime factors of 4265581989?
3, 31, 6689, 6857
What are the prime factors of 1255240968?
2, 3, 17, 107, 28753
What are the prime factors of 364106729?
7, 52015247
What are the prime factors of 177913103?
53, 269, 12479
List the prime factors of 843313584.
2, 3, 23, 31, 41, 601
What are the prime factors of 690919664?
2, 29, 1489051
What are the prime factors of 4103564706?
2, 3, 71, 1070309
What are the prime factors of 1063806218?
2, 229, 653, 3557
What are the prime factors of 144456806?
2, 13, 37, 11551
What are the prime factors of 28490634?
2, 3, 1582813
What are the prime factors of 45421321?
11, 827, 4993
What are the prime factors of 385068369?
3, 7, 23, 97, 8219
List the prime factors of 294066527.
17, 31, 137, 4073
List the prime factors of 2508541861.
7, 19, 311, 60647
What are the prime factors of 245968078?
2, 193, 499, 1277
List the prime factors of 116314511.
31, 3752081
What are the prime factors of 1719936498?
2, 3, 7, 67, 611207
What are the prime factors of 47350736?
2, 19, 29, 41, 131
List the prime factors of 47074759.
53, 888203
What are the prime factors of 74068881?
3, 17, 269, 5399
What are the prime factors of 136710757?
19, 7195303
List the prime factors of 546928017.
3, 23, 7926493
What are the prime factors of 448077724?
2, 29, 3862739
List the prime factors of 22215411.
3, 822793
What are the prime factors of 3147883215?
3, 5, 209858881
List the prime factors of 1417608096.
2, 3, 14766751
What are the prime factors of 131986593?
3, 251, 58427
List the prime factors of 91364801.
11, 755081
List the prime factors of 27576640.
2, 5, 7, 13, 947
List the prime factors of 51042294.
2, 3, 41, 69163
What are the prime factors of 500593525?
5, 20023741
What are the prime factors of 192872359?
29, 31, 214541
What are the prime factors of 2120827409?
149, 659, 21599
What are the prime factors of 121134543?
3, 40378181
List the prime factors of 1224013617.
3, 17, 61, 131149
List the prime factors of 120805026.
2, 3, 17, 1184363
List the prime factors of 476220127.
443, 1074989
List the prime factors of 139644149.
71, 1966819
List the prime factors of 126126973.
7, 89, 443, 457
What are the prime factors of 11302261?
11302261
List the prime factors of 108333803.
1201, 90203
What are the prime factors of 29883726?
2, 3, 1660207
What are the prime factors of 66702912?
2, 3, 347411
List the prime factors of 48155255.
5, 9631051
List the prime factors of 65345361.
3, 193, 112859
What are the prime factors of 194599781?
1823, 106747
What are the prime factors of 314431817?
7, 19, 2364149
What are the prime factors of 736405112?
2, 5323, 17293
List the prime factors of 3221055210.
2, 3, 5, 107368507
What are the prime factors of 68223518?
2, 11, 3101069
What are the prime factors of 45919276?
2, 13, 19, 46477
List the prime factors of 109174423.
67, 1629469
What are the prime factors of 2619716621?
271, 9666851
What are the prime factors of 53730511?
3947, 13613
List the prime factors of 171024218.
2, 809, 105701
List the prime factors of 1975212974.
2, 7, 59, 359, 6661
What are the prime factors of 194198795?
5, 7, 59, 157, 599
What are the prime factors of 164846066?
2, 7, 11, 1070429
What are the prime factors of 12876270?
2, 3, 5, 11, 39019
What are the prime factors of 31264369?
409, 76441
List the prime factors of 435340712.
2, 54417589
What are the prime factors of 1830966438?
2, 3, 7, 41, 151897
List the prime factors of 269360852.
2, 17, 97, 421
What are the prime factors of 1274641047?
3, 241, 593, 991
List the prime factors of 21477473.
199, 107927
List the prime factors of 99279842.
2, 409, 121369
List the prime factors of 632321394.
2, 3, 29, 3634031
List the prime factors of 502419380.
2, 5, 397, 63277
List the prime factors of 21840975.
3, 5, 13, 19, 131
What are the prime factors of 5163457159?
7, 727, 1014631
List the prime factors of 3765687413.
2903, 1297171
What are the prime factors of 74947093?
13, 47, 122663
List the prime factors of 273391796.
2, 68347949
List the prime factors of 55626350.
2, 5, 13, 29, 227
List the prime factors of 5298454081.
79, 719, 93281
List the prime factors of 839583320.
2, 5, 2531, 8293
List the prime factors of 16369839.
3, 1818871
List the prime factors of 2280749474.
2, 19, 60019723
List the prime factors of 56765272.
2, 283, 25073
What are the prime factors of 1256528872?
2, 157066109
List the prime factors of 39086415.
3, 5, 419, 691
List the prime factors of 503812721.
19, 26516459
List the prime factors of 17090220.
2, 3, 5, 7, 5813
What are the prime factors of 7440575313?
3, 19, 130536409
List the prime factors of 257782050.
2, 3, 5, 17, 31, 1087
What are the prime factors of 867552652?
2, 811, 267433
List the prime factors of 6525412920.
2, 3, 5, 13, 464773
What are the prime factors of 327158051?
11, 173, 171917
What are the prime factors of 458274075?
3, 5, 7, 97, 8999
List the prime factors of 5361840836.
2, 11, 83, 1468193
What are the prime factors of 210260299?
2281, 92179
List the prime factors of 586485874.
2, 13, 22557149
What are the prime factors of 428297545?
5, 13, 506861
What are the prime factors of 1598266728?
2, 3, 53, 173, 269
What are the prime factors of 480558971?
29, 89, 186191
What are the prime factors of 632480514?
2, 3, 41, 2571059
What are the prime factors of 868731030?
2, 3, 5, 97, 191, 521
What are the prime factors of 8649991?
7, 17, 72689
List the prime factors of 394218213.
3, 19, 6916109
List the prime factors of 707841840.
2, 3, 5, 419, 7039
List the prime factors of 177119608.
2, 73, 303287
What are the prime factors of 3093582255?
3, 5, 206238817
What are the prime factors of 125158499?
409, 306011
List the prime factors of 32039230.
2, 5, 23, 139301
What are the prime factors of 64068335?
5, 12813667
List the prime factors of 59080046.
2, 37, 457, 1747
List the prime factors of 72471818.
2, 1783, 20323
List the prime factors of 134447701.
439, 306259
What 